 43689?
False
Does 892 divide 1265667?
False
Is 27 a factor of 61986?
False
Does 5 divide 6030115?
True
Is 18 a factor of 89586?
True
Is 1257832 a multiple of 4?
True
Is 1790254 a multiple of 14?
False
Is 258964 a multiple of 101?
True
Does 465 divide 2736060?
True
Does 17 divide 8653957?
False
Does 830 divide 432430?
True
Is 1131177 a multiple of 118?
False
Does 47 divide 3292777?
False
Does 397 divide 71178?
False
Is 21622 a multiple of 38?
True
Does 103 divide 1017846?
True
Does 166 divide 1104532?
False
Does 116 divide 3197247?
False
Is 2675188 a multiple of 68?
True
Does 364 divide 180544?
True
Does 397 divide 206913?
False
Is 1584072 a multiple of 882?
True
Is 15 a factor of 2205830?
False
Does 37 divide 950394?
False
Is 24 a factor of 44388?
False
Is 200 a factor of 1864400?
True
Does 12 divide 85284?
True
Does 430 divide 128097?
False
Does 11 divide 530222?
True
Is 454694 a multiple of 79?
False
Is 74 a factor of 79476?
True
Is 5 a factor of 64290?
True
Is 1206277 a multiple of 83?
False
Is 23 a factor of 267916?
False
Is 8845044 a multiple of 403?
True
Is 59 a factor of 44780?
False
Is 12 a factor of 198504?
True
Is 216 a factor of 10604840?
False
Does 8 divide 2408136?
True
Is 13629 a multiple of 7?
True
Is 240667 a multiple of 20?
False
Does 5 divide 62940?
True
Is 46 a factor of 23546830?
False
Is 2453 a multiple of 2?
False
Is 16 a factor of 102972?
False
Does 26 divide 485836?
True
Does 115 divide 5931627?
False
Does 238 divide 172074?
True
Is 173 a factor of 122012?
False
Is 10426458 a multiple of 1141?
True
Does 9 divide 284310?
True
Is 55 a factor of 4565?
True
Is 91310 a multiple of 23?
True
Is 285 a factor of 326040?
True
Does 1816 divide 17535296?
True
Is 1929165 a multiple of 967?
True
Does 70 divide 527450?
True
Is 123 a factor of 2118798?
True
Does 8 divide 59648?
True
Is 608 a factor of 1411776?
True
Is 547 a factor of 236144?
False
Is 83 a factor of 1833477?
False
Is 48 a factor of 162326?
False
Does 6 divide 3734?
False
Is 7 a factor of 2919?
True
Is 386 a factor of 202806?
False
Is 342860 a multiple of 155?
True
Is 16419 a multiple of 39?
True
Is 6 a factor of 719337?
False
Is 5085806 a multiple of 11?
True
Is 497315 a multiple of 13?
True
Does 9 divide 5733276?
False
Does 129 divide 1223681?
False
Does 75 divide 784950?
True
Is 704605 a multiple of 27?
False
Is 2 a factor of 385828?
True
Is 302499 a multiple of 55?
False
Does 22 divide 132493?
False
Does 12 divide 1994724?
True
Does 73 divide 81483?
False
Is 14 a factor of 55673?
False
Is 33 a factor of 1015177?
False
Does 38 divide 6217256?
True
Is 412 a factor of 156148?
True
Is 290829 a multiple of 26?
False
Is 2188429 a multiple of 20?
False
Is 54742 a multiple of 4?
False
Is 4 a factor of 28179?
False
Does 253 divide 363055?
True
Is 10743897 a multiple of 36?
False
Does 19 divide 4298547?
False
Is 40 a factor of 555320?
True
Is 5484948 a multiple of 1173?
True
Is 5280 a multiple of 330?
True
Is 7 a factor of 555590?
True
Is 199 a factor of 237009?
True
Is 10 a factor of 28650?
True
Is 467160 a multiple of 34?
True
Does 24 divide 30060?
False
Is 26208 a multiple of 2?
True
Is 22 a factor of 16187?
False
Is 34345 a multiple of 42?
False
Is 113 a factor of 6079017?
False
Does 8 divide 21333?
False
Is 9519360 a multiple of 256?
True
Does 17 divide 7166163?
True
Is 213 a factor of 1262560?
False
Is 220418 a multiple of 22?
True
Is 7 a factor of 7046995?
False
Is 5 a factor of 28340?
True
Is 255 a factor of 146625?
True
Is 20 a factor of 498551?
False
Does 39 divide 24531?
True
Is 375700 a multiple of 425?
True
Does 37 divide 1826776?
False
Is 2 a factor of 9999?
False
Is 91 a factor of 262078?
False
Is 2573315 a multiple of 1096?
False
Is 123938 a multiple of 294?
False
Is 769637 a multiple of 341?
True
Does 1431 divide 31600635?
False
Does 1681 divide 139523?
True
Is 18 a factor of 10911438?
True
Does 54 divide 32994?
True
Is 123506 a multiple of 10?
False
Is 64 a factor of 15802?
False
Is 38 a factor of 10975369?
False
Does 6 divide 22749?
False
Does 6 divide 31414?
False
Does 17 divide 311491?
True
Is 294539 a multiple of 16?
False
Is 64 a factor of 182653?
False
Is 5201982 a multiple of 7?
False
Does 586 divide 14245377?
False
Does 331 divide 820?
False
Is 4 a factor of 17355?
False
Is 1972765 a multiple of 585?
False
Does 15 divide 30656?
False
Does 27 divide 8236350?
True
Is 68184 a multiple of 32?
False
Does 8 divide 642590?
False
Is 2684880 a multiple of 66?
True
Is 41310 a multiple of 255?
True
Is 32 a factor of 553051?
False
Does 158 divide 192899?
False
Does 1409 divide 9452981?
True
Is 518 a factor of 2315256?
False
Does 5 divide 347608?
False
Is 610258 even?
True
Is 4456140 a multiple of 174?
True
Does 9 divide 625810?
False
Is 874185 a multiple of 542?
False
Does 12 divide 642793?
False
Is 459000 a multiple of 500?
True
Is 210 a factor of 395850?
True
Does 41 divide 928527?
True
Is 19831 a multiple of 17?
False
Is 4546503 a multiple of 963?
False
Does 174 divide 1908084?
True
Does 10 divide 367270?
True
Is 209 a factor of 4982225?
False
Is 21 a factor of 222810?
True
Is 487 a factor of 14746?
False
Is 7 a factor of 6363468?
False
Is 113 a factor of 82264?
True
Is 301785 a multiple of 55?
True
Does 1132 divide 4449892?
True
Does 119 divide 17185980?
True
Is 27448 a multiple of 73?
True
Is 83 a factor of 302966?
False
Does 20 divide 6657880?
True
Does 1303 divide 18232879?
True
Is 1066600 even?
True
Is 243 a factor of 9062928?
True
Does 83 divide 1568119?
True
Is 752 a factor of 526400?
True
Does 73 divide 24820?
True
Is 43011 a multiple of 124?
False
Does 172 divide 23965620?
True
Does 201 divide 383568?
False
Is 1056 a multiple of 4?
True
Does 127 divide 41711?
False
Does 499 divide 2094024?
False
Is 25 a factor of 14425?
True
Does 190 divide 873430?
True
Does 28 divide 1118610?
False
Does 132 divide 3850572?
True
Does 7 divide 972307?
True
Is 4231427 a multiple of 23?
False
Is 24 a multiple of 2?
True
Is 60 a factor of 105791?
False
Is 15 a factor of 387621?
False
Does 10 divide 1225682?
False
Is 168 a factor of 118776?
True
Does 56 divide 13787?
False
Is 18 a factor of 4077895?
False
Does 18 divide 612405?
False
Is 5 a factor of 44890?
True
Is 147 a factor of 1942752?
True
Does 49 divide 2412221?
True
Is 10 a factor of 2131635?
False
Is 910091 a multiple of 78?
False
Is 28679 a multiple of 3?
False
Is 60670 a multiple of 103?
False
Is 1773253 a multiple of 697?
False
Is 2 a factor of 38132?
True
Is 7 a factor of 75894?
True
Does 11 divide 919527?
False
Does 15 divide 376641?
False
Is 226 a factor of 18226674?
True
Does 112 divide 59723?
False
Is 82650 a multiple of 150?
True
Is 3407256 a multiple of 14?
False
Is 19404924 a multiple of 33?
True
Does 638 divide 1375388?
False
Is 306126 a multiple of 9?
True
Is 38 a factor of 125128?
False
Is 18 a factor of 5730834?
False
Does 26 divide 1291238?
True
Is 6 a factor of 4388542?
False
Does 422 divide 146380?
False
Is 10555 a multiple of 4?
False
Is 4 a factor of 1110056?
True
Is 72471 a multiple of 20?
False
Is 5053598 a multiple of 23?
False
Is 2204798 a multiple of 10?
False
Does 18 divide 18933?
False
Is 27202 a multiple of 414?
False
Does 506 divide 10085801?
False
Is 286 a factor of 237952?
True
Is 16 a factor of 1637680?
True
Does 3 divide 147222?
True
Is 254 a factor of 2369312?
True
Is 97 a factor of 5094761?
False
Is 146930 a multiple of 139?
False
Does 203 divide 1845304?
False
Is 2 a factor of 213389?
False
Is 53 a factor of 554857?
True
Is 4 a factor of 15797?
False
Is 281 a factor of 184452?
False
Is 10 a factor of 1832260?
True
Does 1657 divide 5645399?
True
Is 462 a factor of 91014?
True
Does 122 divide 92354?
True
Is 309138 a multiple of 109?
False
Is 27 a factor of 843555?
False
Is 321204 a multiple of 13?
True
Is 34314 a multiple of 57?
True
Is 26622 a multiple of 4?
False
Does 486 divide 312498?
True
Is 414224 a multiple of 70?
False
Does 108 divide 6237962?
False
Is 12 a factor of 115085?
False
Is 40 a factor of 350000?
True
Is 7392 a multiple of 16?
True
Does 18 divide 211032?
True
Is 286 a factor of 211326?
False
Is 1929526 a multiple of 292?
False
Is 138031 a multiple of 32?
False
Does 12 divide 2488044?
True
Is 303 a factor of 34845?
True
Does 19 divide 2135182?
True
Is 3872390